{"id":107,"date":"2024-11-28T16:23:43","date_gmt":"2024-11-28T16:23:43","guid":{"rendered":"https:\/\/nueva.protectoramodepran.com\/?page_id=81"},"modified":"2024-11-28T16:23:43","modified_gmt":"2024-11-28T16:23:43","slug":"donaciones","status":"publish","type":"page","link":"https:\/\/protectoramodepran.com\/index.php\/donaciones\/","title":{"rendered":"DONACIONES"},"content":{"rendered":"\t\t<div data-elementor-type=\"wp-page\" data-elementor-id=\"107\" class=\"elementor elementor-107\" data-elementor-post-type=\"page\">\n\t\t\t\t<div class=\"elementor-element elementor-element-3cd5a97 e-flex e-con-boxed e-con e-parent\" data-id=\"3cd5a97\" data-element_type=\"container\" data-e-type=\"container\" data-settings=\"{&quot;background_background&quot;:&quot;classic&quot;}\">\n\t\t\t\t\t<div class=\"e-con-inner\">\n\t\t\t\t<div class=\"elementor-element elementor-element-1f0eada elementor-invisible elementor-widget elementor-widget-heading\" data-id=\"1f0eada\" data-element_type=\"widget\" data-e-type=\"widget\" data-settings=\"{&quot;_animation&quot;:&quot;fadeIn&quot;,&quot;_animation_delay&quot;:200}\" data-widget_type=\"heading.default\">\n\t\t\t\t\t<h2 class=\"elementor-heading-title elementor-size-default\">PORQUE REALIZAR DONACIONES MODEPRAn<\/h2>\t\t\t\t<\/div>\n\t\t\t\t<div class=\"elementor-element elementor-element-bb52832 elementor-widget elementor-widget-text-editor\" data-id=\"bb52832\" data-element_type=\"widget\" data-e-type=\"widget\" data-widget_type=\"text-editor.default\">\n\t\t\t\t\t\t\t\t\t<p><strong>Ayuda a los perritos y gaticos que m\u00e1s lo necesitan<\/strong>\ud83d\udc3e<\/p><p>Millones de perritos y gaticos en situaci\u00f3n de abandono est\u00e1n esperando una segunda oportunidad, y t\u00fa puedes ser quien haga la diferencia. Cada peque\u00f1a acci\u00f3n cuenta: una donaci\u00f3n, compartir este mensaje o incluso adoptar. \u00a1Juntos podemos salvar vidas!<\/p><p><strong>\u00bfPor qu\u00e9 donar?<\/strong><\/p><ul><li style=\"list-style-type: none;\"><ul><li style=\"list-style-type: none;\"><ul><li style=\"list-style-type: none;\"><ul><li>Financiar tratamientos m\u00e9dicos para perritos enfermos.<\/li><li>Apoyar campa\u00f1as de esterilizaci\u00f3n y rescate.<\/li><\/ul><\/li><\/ul><\/li><\/ul><\/li><\/ul><p>Si quieres colaborar econ\u00f3micamente con la prote, ya sea de forma puntual o recurrente, puedes hacerlo de forma sencilla y escogiendo la forma que mejor se adapte a tus circunstancias.<\/p><p>Puedes hacernos una donaci\u00f3n v\u00eda transferencia bancaria o bizum, no hay importe peque\u00f1o cuando muchas personas aportan su granito de arena. Si quieres que tu donaci\u00f3n se enfoque a un caso en concreto solo tienes que se\u00f1alarlo en el asunto.<\/p>\t\t\t\t\t\t\t\t<\/div>\n\t\t\t\t\t<\/div>\n\t\t\t\t<\/div>\n\t\t<div class=\"elementor-element elementor-element-d341e96 e-flex e-con-boxed e-con e-parent\" data-id=\"d341e96\" data-element_type=\"container\" data-e-type=\"container\">\n\t\t\t\t\t<div class=\"e-con-inner\">\n\t\t\t\t<div class=\"elementor-element elementor-element-86bf24e elementor-widget elementor-widget-heading\" data-id=\"86bf24e\" data-element_type=\"widget\" data-e-type=\"widget\" data-widget_type=\"heading.default\">\n\t\t\t\t\t<h2 class=\"elementor-heading-title elementor-size-default\">Numero de cuenta<\/h2>\t\t\t\t<\/div>\n\t\t\t\t<div class=\"elementor-element elementor-element-4132347 elementor-widget elementor-widget-heading\" data-id=\"4132347\" data-element_type=\"widget\" data-e-type=\"widget\" data-widget_type=\"heading.default\">\n\t\t\t\t\t<h2 class=\"elementor-heading-title elementor-size-default\">IBAN: ES94 2100 1716 8601 0050 3303\t\t\t\t\t\t\t\t\t\t\t\t<\/h2>\t\t\t\t<\/div>\n\t\t\t\t\t<\/div>\n\t\t\t\t<\/div>\n\t\t<div class=\"elementor-element elementor-element-66deb9f e-flex e-con-boxed e-con e-parent\" data-id=\"66deb9f\" data-element_type=\"container\" data-e-type=\"container\">\n\t\t\t\t\t<div class=\"e-con-inner\">\n\t\t<div class=\"elementor-element elementor-element-90c4336 e-con-full e-flex e-con e-child\" data-id=\"90c4336\" data-element_type=\"container\" data-e-type=\"container\">\n\t\t\t\t<div class=\"elementor-element elementor-element-7327069 elementor-widget elementor-widget-heading\" data-id=\"7327069\" data-element_type=\"widget\" data-e-type=\"widget\" data-widget_type=\"heading.default\">\n\t\t\t\t\t<h2 class=\"elementor-heading-title elementor-size-default\">Tambien puedes realizar Tu donativo a travez de<\/h2>\t\t\t\t<\/div>\n\t\t\t\t<\/div>\n\t\t<div class=\"elementor-element elementor-element-65e5c12 e-con-full e-flex e-con e-child\" data-id=\"65e5c12\" data-element_type=\"container\" data-e-type=\"container\">\n\t\t\t\t<div class=\"elementor-element elementor-element-56e0536 elementor-widget elementor-widget-image\" data-id=\"56e0536\" data-element_type=\"widget\" data-e-type=\"widget\" data-widget_type=\"image.default\">\n\t\t\t\t\t\t\t\t\t\t\t\t\t\t\t\t<a href=\"https:\/\/www.paypal.com\/donate?token=WxUxVkMYt1NdXAhTqPBJKDii0n1NmGFkeRZiLQZLKwCSpKInb987Jlf32EV2Im22nMUaOHvdYAVJ0e9H\" target=\"_blank\">\n\t\t\t\t\t\t\t<img decoding=\"async\" width=\"439\" height=\"98\" src=\"https:\/\/protectoramodepran.com\/wp-content\/uploads\/2024\/12\/paypal-button-479x300-1-e1733169524997.png\" class=\"attachment-large size-large wp-image-330\" alt=\"\" srcset=\"https:\/\/protectoramodepran.com\/wp-content\/uploads\/2024\/12\/paypal-button-479x300-1-e1733169524997.png 439w, https:\/\/protectoramodepran.com\/wp-content\/uploads\/2024\/12\/paypal-button-479x300-1-e1733169524997-300x67.png 300w\" sizes=\"(max-width: 439px) 100vw, 439px\" \/>\t\t\t\t\t\t\t\t<\/a>\n\t\t\t\t\t\t\t\t\t\t\t\t\t\t\t<\/div>\n\t\t\t\t<\/div>\n\t\t\t\t\t<\/div>\n\t\t\t\t<\/div>\n\t\t<div class=\"elementor-element elementor-element-8b451f8 e-flex e-con-boxed e-con e-parent\" data-id=\"8b451f8\" data-element_type=\"container\" data-e-type=\"container\">\n\t\t\t\t\t<div class=\"e-con-inner\">\n\t\t<div class=\"elementor-element elementor-element-d5cbc4f e-con-full e-flex e-con e-child\" data-id=\"d5cbc4f\" data-element_type=\"container\" data-e-type=\"container\">\n\t\t\t\t<div class=\"elementor-element elementor-element-7e5289d elementor-invisible elementor-widget elementor-widget-heading\" data-id=\"7e5289d\" data-element_type=\"widget\" data-e-type=\"widget\" data-settings=\"{&quot;_animation&quot;:&quot;fadeIn&quot;,&quot;_animation_delay&quot;:200}\" data-widget_type=\"heading.default\">\n\t\t\t\t\t<h2 class=\"elementor-heading-title elementor-size-default\">Dona de forma regular: hazte madrina\/padrino<\/h2>\t\t\t\t<\/div>\n\t\t\t\t<div class=\"elementor-element elementor-element-6edde14e elementor-widget elementor-widget-text-editor\" data-id=\"6edde14e\" data-element_type=\"widget\" data-e-type=\"widget\" data-widget_type=\"text-editor.default\">\n\t\t\t\t\t\t\t\t\t<p>Puedes darte de alta como padrino o madrina de la prote aportanto una cantidad que tu elijas al mes. Esta modalidad te permite donar de forma recurrente sin tener que preocuparte de nada.\u00a0<\/p>\t\t\t\t\t\t\t\t<\/div>\n\t\t\t\t<div class=\"elementor-element elementor-element-52158c40 elementor-align-left elementor-mobile-align-center elementor-tablet-align-center elementor-widget elementor-widget-button\" data-id=\"52158c40\" data-element_type=\"widget\" data-e-type=\"widget\" data-widget_type=\"button.default\">\n\t\t\t\t\t\t\t\t\t\t<a class=\"elementor-button elementor-button-link elementor-size-sm elementor-animation-grow\" href=\"#\">\n\t\t\t\t\t\t<span class=\"elementor-button-content-wrapper\">\n\t\t\t\t\t\t\t\t\t<span class=\"elementor-button-text\">Descarga formulario de padrinos \/ madrinas)<\/span>\n\t\t\t\t\t<\/span>\n\t\t\t\t\t<\/a>\n\t\t\t\t\t\t\t\t<\/div>\n\t\t\t\t<\/div>\n\t\t<div class=\"elementor-element elementor-element-65c1ff2 e-con-full e-flex e-con e-child\" data-id=\"65c1ff2\" data-element_type=\"container\" data-e-type=\"container\">\n\t\t\t\t<div class=\"elementor-element elementor-element-a9fbcff elementor-widget__width-initial elementor-widget-tablet__width-inherit e-transform elementor-widget elementor-widget-image\" data-id=\"a9fbcff\" data-element_type=\"widget\" data-e-type=\"widget\" data-settings=\"{&quot;_transform_scale_effect_hover&quot;:{&quot;unit&quot;:&quot;px&quot;,&quot;size&quot;:1.1,&quot;sizes&quot;:[]},&quot;_transform_scale_effect_hover_tablet&quot;:{&quot;unit&quot;:&quot;px&quot;,&quot;size&quot;:&quot;&quot;,&quot;sizes&quot;:[]},&quot;_transform_scale_effect_hover_mobile&quot;:{&quot;unit&quot;:&quot;px&quot;,&quot;size&quot;:&quot;&quot;,&quot;sizes&quot;:[]}}\" data-widget_type=\"image.default\">\n\t\t\t\t\t\t\t\t\t\t\t\t\t\t\t<img decoding=\"async\" src=\"https:\/\/nueva.protectoramodepran.com\/wp-content\/uploads\/2025\/03\/gatos-modepran.png\" title=\"\" alt=\"\" loading=\"lazy\" \/>\t\t\t\t\t\t\t\t\t\t\t\t\t\t\t<\/div>\n\t\t\t\t<\/div>\n\t\t\t\t\t<\/div>\n\t\t\t\t<\/div>\n\t\t<div class=\"elementor-element elementor-element-1b765b0 e-flex e-con-boxed e-con e-parent\" data-id=\"1b765b0\" data-element_type=\"container\" data-e-type=\"container\">\n\t\t\t\t\t<div class=\"e-con-inner\">\n\t\t\t\t<div class=\"elementor-element elementor-element-04299c8 elementor-widget elementor-widget-heading\" data-id=\"04299c8\" data-element_type=\"widget\" data-e-type=\"widget\" data-widget_type=\"heading.default\">\n\t\t\t\t\t<h2 class=\"elementor-heading-title elementor-size-default\">Donaciones materiales<\/h2>\t\t\t\t<\/div>\n\t\t\t\t<div class=\"elementor-element elementor-element-d7561b4 elementor-widget elementor-widget-text-editor\" data-id=\"d7561b4\" data-element_type=\"widget\" data-e-type=\"widget\" data-widget_type=\"text-editor.default\">\n\t\t\t\t\t\t\t\t\t<p>Si prefieres colaborar aportando productos que podamos necesitar tambi\u00e9n puedes hacerlo. Te ofrecemos un listado de productos que siempre necesitamos para que puedas hacer tu donaci\u00f3n material y traerlo al refugio o bien enviarlo directamente desde el comercio online en el que lo compres. \u00a1Gracias!<\/p><ul><li style=\"list-style-type: none;\"><ul><li>Dietas espec\u00edficas tanto de perro como de gato: pienso sin cereales, hipoalerg\u00e9nico,<\/li><li>gastrointestinal, BARF, urinary, starter.<\/li><li>Comida h\u00fameda de alta calidad: sin cereales, natural, BARF y starter.<\/li><li>Collares Seresto, Scalibour o similar.<\/li><li>Pipetas<\/li><li>Lactadiet perro y gato.<\/li><\/ul><\/li><\/ul>\t\t\t\t\t\t\t\t<\/div>\n\t\t\t\t\t<\/div>\n\t\t\t\t<\/div>\n\t\t\t\t<\/div>\n\t\t","protected":false},"excerpt":{"rendered":"<p>PORQUE REALIZAR DONACIONES MODEPRAn Ayuda a los perritos y gaticos que m\u00e1s lo necesitan\ud83d\udc3e Millones de perritos y gaticos en [&hellip;]<\/p>\n","protected":false},"author":1,"featured_media":0,"parent":0,"menu_order":0,"comment_status":"closed","ping_status":"closed","template":"","meta":{"site-sidebar-layout":"no-sidebar","site-content-layout":"","ast-site-content-layout":"full-width-container","site-content-style":"default","site-sidebar-style":"default","ast-global-header-display":"","ast-banner-title-visibility":"","ast-main-header-display":"","ast-hfb-above-header-display":"","ast-hfb-below-header-display":"","ast-hfb-mobile-header-display":"","site-post-title":"disabled","ast-breadcrumbs-content":"","ast-featured-img":"disabled","footer-sml-layout":"","ast-disable-related-posts":"","theme-transparent-header-meta":"","adv-header-id-meta":"","stick-header-meta":"","header-above-stick-meta":"","header-main-stick-meta":"","header-below-stick-meta":"","astra-migrate-meta-layouts":"default","ast-page-background-enabled":"default","ast-page-background-meta":{"desktop":{"background-color":"var(--ast-global-color-4)","background-image":"","background-repeat":"repeat","background-position":"center center","background-size":"auto","background-attachment":"scroll","background-type":"","background-media":"","overlay-type":"","overlay-color":"","overlay-opacity":"","overlay-gradient":""},"tablet":{"background-color":"","background-image":"","background-repeat":"repeat","background-position":"center center","background-size":"auto","background-attachment":"scroll","background-type":"","background-media":"","overlay-type":"","overlay-color":"","overlay-opacity":"","overlay-gradient":""},"mobile":{"background-color":"","background-image":"","background-repeat":"repeat","background-position":"center center","background-size":"auto","background-attachment":"scroll","background-type":"","background-media":"","overlay-type":"","overlay-color":"","overlay-opacity":"","overlay-gradient":""}},"ast-content-background-meta":{"desktop":{"background-color":"var(--ast-global-color-5)","background-image":"","background-repeat":"repeat","background-position":"center center","background-size":"auto","background-attachment":"scroll","background-type":"","background-media":"","overlay-type":"","overlay-color":"","overlay-opacity":"","overlay-gradient":""},"tablet":{"background-color":"var(--ast-global-color-5)","background-image":"","background-repeat":"repeat","background-position":"center center","background-size":"auto","background-attachment":"scroll","background-type":"","background-media":"","overlay-type":"","overlay-color":"","overlay-opacity":"","overlay-gradient":""},"mobile":{"background-color":"var(--ast-global-color-5)","background-image":"","background-repeat":"repeat","background-position":"center center","background-size":"auto","background-attachment":"scroll","background-type":"","background-media":"","overlay-type":"","overlay-color":"","overlay-opacity":"","overlay-gradient":""}},"footnotes":""},"class_list":["post-107","page","type-page","status-publish","hentry"],"_links":{"self":[{"href":"https:\/\/protectoramodepran.com\/index.php\/wp-json\/wp\/v2\/pages\/107","targetHints":{"allow":["GET"]}}],"collection":[{"href":"https:\/\/protectoramodepran.com\/index.php\/wp-json\/wp\/v2\/pages"}],"about":[{"href":"https:\/\/protectoramodepran.com\/index.php\/wp-json\/wp\/v2\/types\/page"}],"author":[{"embeddable":true,"href":"https:\/\/protectoramodepran.com\/index.php\/wp-json\/wp\/v2\/users\/1"}],"replies":[{"embeddable":true,"href":"https:\/\/protectoramodepran.com\/index.php\/wp-json\/wp\/v2\/comments?post=107"}],"version-history":[{"count":0,"href":"https:\/\/protectoramodepran.com\/index.php\/wp-json\/wp\/v2\/pages\/107\/revisions"}],"wp:attachment":[{"href":"https:\/\/protectoramodepran.com\/index.php\/wp-json\/wp\/v2\/media?parent=107"}],"curies":[{"name":"wp","href":"https:\/\/api.w.org\/{rel}","templated":true}]}}